- 17*f - 30. Calculate v(-15).
-225
Let f(i) = -2*i**3 + 34*i**2 - 54*i + 349. Calculate f(16).
-3
Let a(c) = 3562*c - 60547. Determine a(17).
7
Let o(a) = -a**3 + 39*a**2 + 3*a - 44. Calculate o(39).
73
Let d(c) = -2*c**3 + 75*c**2 + 783*c - 44. Calculate d(46).
2
Let d(a) = -a**2 + 35*a + 313. Give d(41).
67
Let i(b) = 2*b**2 + 14*b - 14. Calculate i(1).
2
Let m(n) = -462*n + 28225. Give m(61).
43
Let j(l) = 136*l**2 + 11*l - 7. Give j(1).
140
Let m(p) = 55*p + 327. What is m(-4)?
107
Let u(p) = 4*p**3 + 27*p**2 + 7*p + 114. What is u(-7)?
16
Let o(m) = -1368*m - 19151. Give o(-14).
1
Let g(i) = -1056*i**2 + 4220*i - 5. Calculate g(4).
-21
Let x(v) = 1013*v**2 - 3034*v + 7. Give x(3).
22
Let x(n) = 2*n**2 + 3*n - 12. Give x(2).
2
Let g(s) = s + 120. What is g(-54)?
66
Let z(a) = a**3 + 12*a**2 + 10*a + 40. Give z(-11).
51
Let f(h) = h**2 + 52*h + 742. Determine f(-31).
91
Let g(a) = 216*a - 10159. Calculate g(47).
-7
Let f(d) = 929*d + 37162. Determine f(-40).
2
Let b(u) = -25*u**3 - 56*u**2 + 11. What is b(-2)?
-13
Let b(l) = 71*l - 992. Determine b(14).
2
Let d(k) = -k**3 + 29*k**2 - 66*k + 1061. Determine d(28).
-3
Let c(w) = w**2 - 77*w - 419. Give c(-6).
79
Let k(a) = -213*a + 7514. What is k(35)?
59
Let t(b) = 341*b - 2232. What is t(6)?
-186
Let w(q) = 68*q + 1837. Give w(-28).
-67
Let n(c) = -29*c**2 - 42*c + 12. Calculate n(-2).
-20
Let x(y) = -y**3 + 19*y**2 + 94*y + 9. Give x(-4).
1
Let f(z) = 3906*z + 3902. What is f(-1)?
-4
Let m(p) = 123*p - 11736. Calculate m(95).
-51
Let m(g) = -g**3 - 38*g**2 + 75*g - 209. Calculate m(-40).
-9
Let k(h) = -h**3 - 55*h**2 - 146*h + 532. What is k(-52)?
12
Let o(q) = 8938*q - 62561. Determine o(7).
5
Let m(b) = b + 68. Determine m(13).
81
Let u(z) = z**3 - 18*z**2 + 44*z + 8. Give u(15).
-7
Let u(g) = -g**3 - 5*g**2 + 6*g + 39. What is u(-5)?
9
Let w(o) = o**3 - 54*o**2 + 710*o + 83. Give w(31).
-10
Let c(j) = 48*j + 759. Calculate c(-15).
39
Let t(i) = -2*i**2 + 35*i - 17. Determine t(18).
-35
Let t(b) = -b**2 + 34*b + 88. Calculate t(36).
16
Let t(f) = 36*f + 602. Determine t(-22).
-190
Let y(i) = i**3 - 14*i + 4. What is y(-7)?
-241
Let v(c) = -72*c - 77. What is v(-1)?
-5
Let p(f) = 5*f**2 - 260*f - 268. Determine p(53).
-3
Let n(y) = 11*y - 163. What is n(22)?
79
Let f(g) = g**3 - 40*g**2 - 4*g - 1480. Determine f(41).
37
Let r(l) = l**3 - 64*l**2 + 2*l - 143. Give r(64).
-15
Let f(s) = -2*s**2 - 198*s + 852. Give f(-103).
28
Let f(o) = o**2 - 22*o - 69. Determine f(24).
-21
Let y(k) = -2*k**2 + 47*k + 80. Give y(23).
103
Let f(s) = -s**2 + 23*s + 52. What is f(-7)?
-158
Let s(d) = -d**3 + 7*d**2 + 354*d - 2481. Give s(7).
-3
Let n(a) = -a**3 - 18*a**2 - 88*a - 641. What is n(-15)?
4
Let l(i) = -i**2 - 21*i - 97. What is l(-6)?
-7
Let v(g) = g**3 - 7*g**2 - 14*g - 25. What is v(8)?
-73
Let a(r) = 11*r**3 + 11*r**2 - 6. What is a(-3)?
-204
Let o(r) = 6143*r + 79866. Determine o(-13).
7
Let f(h) = 9*h**2 - 522*h - 52. Calculate f(58).
-52
Let m(o) = 2971*o + 8. What is m(0)?
8
Let o(w) = 6758*w + 6766. What is o(-1)?
8
Let c(v) = -3*v**2 + 164. Calculate c(8).
-28
Let c(m) = -4*m**2 - 271*m + 634. Calculate c(-70).
4
Let r(l) = l**3 - 26*l**2 + 3*l - 10. Determine r(0).
-10
Let g(n) = 1927*n**2 + 19269*n - 11. What is g(-10)?
-1
Let i(q) = 30*q**2 + 475*q - 38. What is i(-16)?
42
Let m(p) = -p**3 - 18*p**2 - 53*p - 6. Calculate m(-4).
-18
Let n(y) = 10*y**3 - 3*y**2 + 4*y + 6. Determine n(-2).
-94
Let m(i) = -4*i**3 - 9*i**2 + 4*i + 104. Determine m(3).
-73
Let n(g) = -4*g**2 - 2*g - 19. What is n(6)?
-175
Let j(w) = 2*w**2 + 77*w + 821. Calculate j(-22).
95
Let l(a) = -3*a**2 - 44*a + 186. Give l(-18).
6
Let a(h) = 3*h**3 - 22*h**2 - 8*h + 10. Determine a(8).
74
Let o(b) = -6*b**2 + 8*b - 18. What is o(6)?
-186
Let k(m) = 4*m**3 - m**2 - 2*m + 6. Determine k(-3).
-105
Let f(u) = -21*u - 78. Determine f(-13).
195
Let i(r) = 3*r**2 + 2*r - 309. Determine i(11).
76
Let c(q) = -q**3 + 14*q**2 + 45*q - 424. Calculate c(15).
26
Let o(v) = v**3 + 37*v**2 + 115*v + 389. Give o(-34).
-53
Let y(l) = -496*l - 155750. Give y(-314).
-6
Let p(c) = -c**3 - 25*c**2 + 23*c - 138. Determine p(-26).
-60
Let b(f) = f**2 - 37*f + 153. Calculate b(31).
-33
Let d(n) = n**3 + 62*n**2 - 176*n + 5807. What is d(-66)?
-1
Let u(h) = h**3 - 29*h**2 + 57*h + 30. Calculate u(27).
111
Let r(s) = -10*s**3 - 65*s**2 + 133*s + 10. Determine r(2).
-64
Let t(r) = -r**2 - 314*r - 24639. What is t(-157)?
10
Let f(p) = 281*p + 860. Determine f(-3).
17
Let j(k) = -k**3 + 9*k**2 + 49*k + 11. Determine j(13).
-28
Let a(d) = -d**2 + 13*d + 8. What is a(-7)?
-132
Let x(j) = -3282*j + 9863. Determine x(3).
17
Let k(i) = -2*i**3 + i**2 - 3*i - 46. What is k(0)?
-46
Let b(x) = 2*x**3 + 6*x**2 - 38*x - 2. Give b(-6).
10
Let p(h) = h**3 - 23*h**2 - 25*h + 9. Determine p(24).
-15
Let x(h) = h**2 - 52*h + 627. What is x(34)?
15
Let x(q) = -2*q**3 + 14*q**2 + 24*q. Give x(8).
64
Let m(d) = -131*d - 830. Give m(-6).
-44
Let n(l) = -l**2 - 57*l - 214. Determine n(-52).
46
Let h(r) = r**3 + 74*r**2 + 63*r - 723. What is h(-73)?
7
Let i(p) = 3*p**2 - 107*p + 84. Calculate i(31).
-350
Let c(g) = 55*g + 619. What is c(-11)?
14
Let p(g) = -3*g**2 + 75*g + 145. What is p(27)?
-17
Let k(g) = 760*g + 2218. What is k(-3)?
-62
Let r(y) = 2*y**2 - 16*y - 52. Determine r(8).
-52
Let z(i) = i**2 - 2*i + 1. Give z(-5).
36
Let k(p) = 458*p - 507. What is k(1)?
-49
Let k(c) = 6*c - 101. Calculate k(14).
-17
Let q(b) = 148*b + 9750. Give q(-66).
-18
Let z(b) = 21*b**2 + 280*b + 1101. Calculate z(-4).
317
Let c(z) = -2*z**2 - 71*z + 190. Give c(-38).
0
Let z(m) = -m**3 - 11*m**2 - 17*m - 34. Give z(-10).
36
Let i(k) = 18*k - 1015. Calculate i(31).
-457
Let v(k) = 4*k**2 - 29*k + 53. What is v(2)?
11
Let b(k) = 38*k**3 - 224*k**2 + 5*k - 6. Calculate b(6).
168
Let u(o) = -4*o**2 - 40*o - 105. Give u(-5).
-5
Let n(g) = 10*g**2 - 609*g - 69. Calculate n(61).
-8
Let w(t) = 18*t + 627. Determine w(-36).
-21
Let i(g) = 24*g + 384. Determine i(-51).
-840
Let u(r) = 2*r**3 + 75*r**2 - 121*r - 219. Give u(-39).
-63
Let p(d) = d**2 - 17*d - 198. Give p(26).
36
Let b(y) = 88*y + 707. What is b(-13)?
-437
Let p(g) = -g**2 - 32*g - 81. Give p(-28).
31
Let p(r) = 3*r**2 + 25*r + 103. Calculate p(-12).
235
Let m(r) = -37*r**2 - 1705*r - 214. Determine m(-46).
-76
Let w(q) = -q**3 + 18*q**2 + 63*q - 41. Give w(-5).
219
Let k(q) = -66*q + 636. Determine k(9).
42
Let c(f) = -f**3 - 64*f**2 - 731*f + 186. Calculate c(-49).
-10
Let x(k) = -491*k - 825. Calculate x(-2).
157
Let j(o) = 42*o - 731. Determine j(15).
-101
Let c(j) = -26*j**2 + 251*j - 34. What is c(10)?
-124
Let w(t) = t**3 - 20*t**2 + 24*t + 44. Determine w(19).
139
Let w(n) = n**2 - 1508*n + 4523. Determine w(3).
8
Let w(p) = -3*p + 65. Determine w(7).
44
Let j(x) = -132*x - 1508. Give j(-10).
-188
Let r(p) = 103*p - 328. Determine r(3).
-19
Let h(y) = -259*y + 283. Give h(2).
-235
Let c(p) = -31*p**2 - 50*p + 5. Give c(-2).
-19
Let f(y) = -14*y**2 - 146*y - 366. Determine f(-4).
-6
Let c(q) = 21737*q - 195639. What is c(9)?
-6
Let k(b) = 16*b**3 - 4*b**2 + b - 3. Give k(2).
111
Let t(x) = -x**3 + 56*x**2 - 53*x - 119. Give t(55).
-9
Let d(v) = v**3 - 9*v**2 - 22*v + 3. What is d(10)?
-117
Let n(s) = 2*s + 53. What is n(23)?
99
Let s(r) = -937*r - 880. Calculate s(-1).
57
Let m(q) = -16*q - 115. Calculate m(-19).
189
Let z(u) = 47*u - 4457. Determine z(96).
55
Let q(o) = -3*o**3 + 22*o**2 + 9*o - 34. What is q(6)?
164
Let z(g) = -67*g - 194. Calculate z(-8).
342
Let b(p) = -8*p - 527. Calculate b(-65).
-7
Let b(q) = -q**3 + 87*q**2 + 107*q + 6304. Give b(89).
-15
Let l(i) = 2*i**3 - 83*i**2 - 45*i + 130. Calculate l(42).
4
Let v(z) = 2*z**2 + 62*z - 1264. Give v(14).
-4
Let f(x) = -2*x**3 + 120*x**2 - 120*x + 129. Determine f(59).
11
Let a(i) = -76*i**2 - 18245*i - 1193. What is a(-240)?
7
Let n(d) = 24*d + 55. Calculate n(-3).
-17
Let v(h) = -6882*h + 13764. Give v(2).
0
Let m(o) = 79*o - 2593. What is m(33)?
14
Let i(g) = g**3 + 5*g**2 - 110*g - 56. What is i(-13)?
22
Let g(d) = -2*d**3 - 191*d**2 + 99*d + 140. Calculate g(-96).
-148
Let g(a) = 86*a**3 + 2*a**2 - 10*a + 8. Determine g(1).
86
Let u(f) = -2*f**3 - 16*f**2 - 14*f + 5. Determine u(-7).
5
Let p(a) = -33*a + 8310. Calculate p(252).
-6
Let o(g) = -72*